the first derivative of -r**2 + 141*r + 9 - 75*r - 68*r. Let v = -2 - -4. Calculate p(v).
-6
Suppose -6*c - 16 = -14*c. Let r(n) = -8*n**2 - 241*n**3 - 4*n + 240*n**3 + c - 3*n. What is r(-7)?
2
Let p(z) = -2*z**2 + 7*z - 4. Suppose c = -6*w + 8*w - 14, -23 = -3*w + 2*c. Determine p(w).
-19
Suppose -g + 9 = 3. Let h(p) = p**2 - p - 1. Let n(x) = 2*x**2 - 3*x - 3. Let r(y) = 5*h(y) - 3*n(y). Give r(g).
-8
Let x(c) be the second derivative of -c**3 - 14*c + 0 - 5/2*c**2. What is x(-4)?
19
Let u(g) = -2*g + 8 - 21 - 10 - 7. Give u(-15).
0
Let t(k) = k - 1. Suppose 7*n - 3*n - 24 = 0. Let i be t(n). Let b(c) = -c - 5*c + c - i + c**2. Determine b(6).
1
Let g(q) be the second derivative of -q**5/20 + q**4/12 - 3*q**2 - 222*q. Give g(0).
-6
Let c(l) = 3*l**2 - 2*l + 8. Let m(a) = 8*a**2 - 6*a + 23. Let j(p) = 17*c(p) - 6*m(p). Determine j(-3).
19
Let g(x) = 7 + x**2 + 4*x + 2*x**3 - 5*x**2 + 8*x**2 - 5. Calculate g(-2).
-6
Let u(v) = -3*v**3 + 28*v**2 - 13*v - 4. Let p(z) = 7*z**3 - 61*z**2 + 25*z + 8. Let i(q) = -2*p(q) - 5*u(q). Calculate i(17).
-30
Let m(d) be the third derivative of -5/6*d**3 + 0 + 6*d**2 - 1/8*d**4 + 0*d. Give m(-4).
7
Let t(w) be the first derivative of 1/2*w**2 + 2/3*w**3 - 2*w + 5. Suppose 3*d = -2*d - 15. Calculate t(d).
13
Let p be (-4)/(-20) + 182/(-10). Let k = 19 + p. Let t(r) = 12*r - 1. Calculate t(k).
11
Let r(b) = 3*b + 9. Let z(h) = h**2 - 7*h - 29. Let n(j) = -7*r(j) - 2*z(j). Give n(-4).
-9
Let q(d) = d**3 - 7*d**2 + 7. Let n be (7/4)/((-7)/(-28)). Determine q(n).
7
Let h(g) = 2*g - 12. Let t = 262 - 253. Calculate h(t).
6
Let b(z) be the third derivative of z**6/60 + z**5/15 + z**4/24 - z**3/3 + 301*z**2. What is b(-2)?
-4
Let r(i) = i - 5. Suppose -5 + 13 = 2*p. Suppose 22 = p*l - 14. Determine r(l).
4
Let y = 239 - 134. Let t(v) = -101*v - y*v + 209*v + 0 + 4. Calculate t(-5).
-11
Let z(u) = -u - 6. Suppose 3*r - 3*r = -6*r. Give z(r).
-6
Let v(g) = 3*g - 5. Let m(z) = -7*z + 11. Let i(n) = -4*m(n) - 10*v(n). Let y(f) = -4*f - 5. Let t be y(-3). Determine i(t).
-8
Let b(i) = 2*i**2 + 2*i - 1. Let c be (-6)/(9/(-20) - 3/(-12)). Let r be 6*((-4)/18)/(c/45). Give b(r).
3
Let j(k) be the third derivative of k**5/60 - 5*k**4/24 - k**3/3 - 10*k**2 + 12*k. Suppose -u + 4 = 2. Let n be 5 - (1 + 0)*u. Calculate j(n).
-8
Let q(w) be the second derivative of -w**5/60 - w**4/4 + 5*w**3/6 + w**2 + 11*w. Let b(s) be the first derivative of q(s). Calculate b(-6).
5
Let x(a) be the third derivative of 2*a**5/15 + a**4/24 - 3*a**2 - 8. What is x(-1)?
7
Let f(a) be the second derivative of -1/6*a**3 - 17*a + 0*a**2 + 0 + 1/12*a**4 + 1/20*a**5. Determine f(0).
0
Let x(q) = -q - 2. Let v = -417 + 415. Give x(v).
0
Let g = -861 - -865. Let z(s) = -s**2 + 3*s + 8. Give z(g).
4
Let m(n) = -n**2 - 3*n - 6. Let p(i) be the second derivative of i**2/2 - i. Let c(q) = m(q) + 2*p(q). Let f = 265 - 269. Determine c(f).
-8
Let d(n) = 2*n + 8. Suppose -62 = -38*s - 328. Give d(s).
-6
Suppose -2*f - 6 = 22. Let s be (-12)/f*(-56)/(-16). Suppose 0*k + s*k + 18 = 0. Let p(q) = 2*q + 9. Give p(k).
-3
Let t be (2/6)/(2/132). Let j(p) = -19*p**3 + 40*p**3 - p - t*p**3 + 2*p**2 + 2. What is j(2)?
0
Suppose -11*z + 227 = 216. Let i(b) = 4*b**3 - b**2 - b + 1. Give i(z).
3
Let n be ((-31)/(-62))/(1/6). Let b(d) be the first derivative of 0*d + 1/3*d**3 - 2*d**2 - n. Give b(5).
5
Let g(z) = z**2 - 5. Let j(l) = l**3 + l**2 - 11*l + 6. Let h be j(2). Determine g(h).
11
Let s(i) = -2*i + 20. Let m be s(9). Let a(o) = o + 2*o + m*o - 2*o. Give a(-5).
-15
Let c be (-10)/(-4)*36/30. Suppose -c*q + 1 = -5. Let g(a) = -5*a - a**2 - 8 - q*a + a. Give g(-6).
-8
Let m(k) = 19*k - 2. Let z(u) = -16*u + 17. Let l be z(1). Give m(l).
17
Let x = 79 - 83. Let s = 13 - 13. Let n(a) = s*a + 0*a - a. What is n(x)?
4
Let p(c) = c**2 - 5*c + 6. Let r be (12/8)/(6/8). Let s be 1/r - (-230)/20. Suppose -2*q - 5*b - s = 0, -b - 2*b - 20 = -2*q. Calculate p(q).
2
Let f be (-3 - -5)/(4/10). Let p(j) = -2*j + 2 + 13 + j**2 - 15 - j. Determine p(f).
10
Let i(j) be the first derivative of -j**2/2 + 9*j + 296. Calculate i(-10).
19
Let i(p) = p + 0 - 3 - 6 + 2. Suppose 8*n = 12*n. Determine i(n).
-7
Suppose m + 3*m + 4*j - 12 = 0, -15 = 3*m - 5*j. Suppose m = -0*r - r + 18. Suppose r = -4*n - 0*n - 2*h, 21 = -n + 5*h. Let c(g) = -2*g - 4. What is c(n)?
8
Let b(r) = -27 + 25 + 12*r**3 - 13*r**3 + r + 9*r**2. Let x = -12 + 21. Calculate b(x).
7
Let u(a) = -1 + 7*a**2 + 2*a - a + 2. Let d be (-1818)/72 + 2/8. Let q = d - -24. Calculate u(q).
7
Let b(f) be the second derivative of 5*f**3/6 - 5*f**2/2 - 937*f. Determine b(-6).
-35
Let y(w) = 6*w + 1. Let l(z) be the third derivative of -z**4/24 - z**3/6 + 2*z**2. Let j(h) = 5*l(h) + y(h). Calculate j(5).
1
Let m(f) = 3*f**2 + 6*f - 6*f**2 + 4*f**2 + 0*f - 10. Let t(c) = -c**2 + 10*c + 5. Let k be t(11). Let d = k - 2. What is m(d)?
6
Let n(d) = 626 + 9*d**2 + 5*d**3 - 4*d**3 - 623 - 8*d. Calculate n(-10).
-17
Let v(w) = -9*w. Let k(j) = 7*j. Let z(m) = 3*k(m) + 4*v(m). Give z(-1).
15
Let s(i) = -i - 7. Let x be s(-5). Let h be (-7)/63 - 181/(-9). Let b(r) = h*r + 1 + 0 - 21*r. Determine b(x).
3
Let t(f) = 10*f**2 - 4*f**2 - 8*f**2 - 6 - 7*f + 2. Give t(-4).
-8
Suppose 0 = -4*u - 4*p, -5*u - 4*p - 12 = -3*p. Let k(l) = 7*l + 20. Determine k(u).
-1
Let y(z) = z**2 - 3*z + 4. Let u be y(1). Let w(l) = 8*l**u + 1 + l**3 - 3 + 2*l + 0 - 9*l**2. Give w(2).
6
Let h be 4 + 5 + (-176)/16. Let c(j) = -6*j**3 + 5*j**2 + 4*j + 15. Let t(f) = f**3 - f**2 - f - 3. Let i(u) = -2*c(u) - 11*t(u). Give i(h).
-7
Let g(p) = 16*p - 3*p + 19 - 12*p. Determine g(-16).
3
Let m(v) be the third derivative of v**5/60 + v**4/12 - 11*v**3/3 + 756*v**2. Determine m(-4).
-14
Let r(u) = -3*u**2 + 2*u + 9. Let x be r(0). Let p(l) = -l**2 + 7*l. Calculate p(x).
-18
Let k(y) = -8*y - 4. Let a(g) = 3*g + 1. Let t(p) = 3*a(p) + k(p). Determine t(5).
4
Let f(x) be the first derivative of -x**2/2 + 10*x - 174. Give f(8).
2
Let f(r) = -r**2 - 9*r - 6. Let i be (-1)/3 + 28/12. Suppose 2*s + i = -4*n, -2*n + 34 = -4*s - 0*s. What is f(s)?
8
Suppose -4*y = -4*p - 32, -5*p = 8*y - 4*y + 67. Let v(w) = -w**3 - 12*w**2 - 11*w - 15. Calculate v(p).
-15
Let y = -20 - -11. Let m = -10 - y. Let a(p) = -5*p**2 + p. Calculate a(m).
-6
Let h(r) be the second derivative of r**4/12 - r**3/2 - r**2 + 3*r + 1. Suppose 4*g + 4 = 5*g. What is h(g)?
2
Let z(d) = -3*d - 3. Let t(s) = -s. Let k(w) = -w**2 + 10*w - 10. Let c(y) = k(y) + 2*t(y). Let g be c(7). Calculate z(g).
6
Suppose 3*t + 18 = s, 6*s - 5*t - 40 = s. Let b(p) = -p**2 + 5*p - 6. Let q(n) = n**2 - 6*n - 13 - 2 + 22. Let j(a) = 4*b(a) + 3*q(a). Calculate j(s).
-6
Let z(s) be the third derivative of -s**5/60 + s**4/8 - s**3/6 - 76*s**2 - 1. What is z(3)?
-1
Suppose 0 = -7*f - 0 + 21. Let k(c) = c**3 + 1 + 3*c**2 + 2*c - f*c**2 - 3*c. What is k(-2)?
-5
Suppose -4*h + 22 = 2*v, 0*h - 2*h = -3*v - 7. Let f(m) be the first derivative of -m**4/4 + 5*m**3/3 + 7*m - 41. What is f(h)?
7
Suppose -4*m + 17 - 9 = 0. Suppose r + 15 = 3*d + 8, 4*r - m*d + 28 = 0. Let f(z) = z**3 + 6*z**2 - 6*z + 1. What is f(r)?
-6
Suppose -31 = 4*u - 5*t, -u - 4*t + 3 = -5. Let l(m) = -6*m**3 + 2*m - m**3 - 3*m**2 + 4*m + 5 + 6*m**3. What is l(u)?
-3
Let r(u) = 33*u**2 - u + 2. Suppose 0 = -y - 2*w - 20 + 31, -3*y - w + 8 = 0. Determine r(y).
34
Let o be ((-1309)/(-22))/(-17)*-2. Let k(h) = 2*h**2 - 13*h + 18. What is k(o)?
25
Let f be ((-24)/30)/((-2)/(-15)). Let y(a) = a + 5. Let i be y(f). Let g be (i - 2) + 8/(-4). Let o(d) = -2*d - 4. Calculate o(g).
6
Let a(h) = -4015*h**2 - 6*h + 4014*h**2 - 1 + h. What is a(-5)?
-1
Suppose 36 = -5*y + y. Let u(o) be the second derivative of -o**5/20 - 2*o**4/3 + 11*o**3/6 + 11*o**2/2 + 7838*o. What is u(y)?
-7
Let l = 29 + -17. Let n(i) = i**3 - 11*i**2 - 12*i - 4. Let q be n(l). Let v(u) = 2 - 3*u**2 - 2 - u**3 + 7*u + 6. Determine v(q).
-6
Suppose 1 = -y - 3*y + 5*d, 2*d = 4*y + 10. Let k(i) = 2*i**2 + 5*i + 3. Give k(y).
15
Let q = 505 + -502. Let y(t) be the second derivative of 0*t**2 - 4*t + 0 - 1/12*t**4 - 2/3*t**q. Determine y(-5).
-5
Suppose 5*i = 2 + 13. Let j(m) = -3*m + 9*m**3 - 3*m**3 - 6*m**2 - 4*m**i - 3*m**3. Calculate j(-2).
-10
Let o(b) = -b**2 - 8*b - 9. Suppose 2*y - 6 = 4*k, -4*k = -75*y + 71*y